392190 and 4760?
1190
What is the greatest common divisor of 58344174 and 57?
57
What is the greatest common divisor of 29661 and 744718501?
9887
Calculate the highest common divisor of 1646280 and 1820.
20
What is the greatest common factor of 45 and 26401059?
9
What is the greatest common divisor of 6845940 and 100?
20
Calculate the greatest common divisor of 472 and 67937084.
236
Calculate the highest common divisor of 3793770 and 23535.
45
Calculate the greatest common divisor of 8358394 and 5346.
22
Calculate the highest common divisor of 1144 and 4795960.
104
Calculate the greatest common factor of 5200932 and 930.
186
Calculate the highest common divisor of 20915910 and 1514.
1514
What is the greatest common divisor of 25 and 12654365?
5
Calculate the highest common divisor of 6351 and 5052549.
219
What is the highest common factor of 6867 and 11169081?
63
Calculate the greatest common factor of 1668 and 259966974.
834
Calculate the greatest common factor of 3724942 and 32292.
598
Calculate the highest common factor of 910 and 1557290.
70
Calculate the greatest common divisor of 2176 and 25687.
17
What is the highest common factor of 346443 and 193443?
51
Calculate the greatest common divisor of 3912421 and 329.
47
Calculate the greatest common divisor of 1944192 and 14152.
488
What is the greatest common divisor of 15841 and 11656?
31
Calculate the greatest common divisor of 45 and 853394715.
45
Calculate the highest common divisor of 2282458957 and 199.
199
Calculate the highest common factor of 2006 and 31858.
34
What is the greatest common divisor of 64500 and 4300860?
2580
What is the greatest common divisor of 1044 and 285847896?
348
What is the greatest common factor of 576498 and 30381?
741
Calculate the greatest common divisor of 194 and 1265866102.
194
What is the greatest common factor of 18767172 and 1472?
92
Calculate the greatest common divisor of 12800865 and 231.
231
Calculate the highest common divisor of 101780895 and 185.
185
Calculate the highest common factor of 11576 and 32248.
8
Calculate the highest common divisor of 74293236 and 2790.
558
Calculate the greatest common divisor of 534603 and 11484303.
6441
What is the highest common divisor of 3040 and 11729840?
1520
Calculate the greatest common divisor of 3836520 and 3015.
45
Calculate the highest common divisor of 27335 and 157351975.
3905
What is the greatest common factor of 4038489 and 23751?
819
Calculate the greatest common factor of 12816 and 1775808.
144
Calculate the greatest common divisor of 7052520 and 19410.
30
Calculate the highest common factor of 641322 and 891.
99
Calculate the highest common divisor of 90545 and 4012645.
455
Calculate the greatest common divisor of 24016014 and 39204.
1782
Calculate the highest common factor of 118848 and 11640.
24
Calculate the highest common divisor of 34938 and 10260773.
647
What is the highest common divisor of 5418252 and 189?
189
What is the greatest common divisor of 808 and 445528?
8
What is the highest common factor of 4425 and 84225?
75
Calculate the highest common factor of 48952 and 1159768.
232
Calculate the highest common divisor of 3 and 614199.
3
Calculate the greatest common factor of 10066662 and 216.
18
What is the greatest common factor of 323 and 89777?
17
What is the greatest common divisor of 48225027 and 12?
3
What is the highest common factor of 1763670 and 1320?
30
What is the highest common factor of 3539985 and 97185?
285
What is the highest common divisor of 295371 and 23310?
333
What is the greatest common divisor of 48977 and 29296889?
2881
Calculate the greatest common factor of 110 and 26204390.
10
Calculate the greatest common factor of 1348 and 384856696.
1348
Calculate the greatest common divisor of 4229999 and 103158.
521
Calculate the highest common divisor of 2646 and 89462394.
378
What is the greatest common divisor of 69102 and 2541726?
198
Calculate the highest common divisor of 320 and 68123200.
320
Calculate the greatest common factor of 545 and 123615265.
545
What is the greatest common factor of 236476738 and 178?
178
What is the greatest common factor of 302910 and 76935?
345
Calculate the highest common divisor of 84384 and 19743219.
2637
What is the highest common divisor of 956 and 29813577?
239
What is the highest common divisor of 485994 and 57532?
1514
Calculate the highest common divisor of 15236 and 658416122.
7618
Calculate the greatest common factor of 4232 and 124504382.
1058
Calculate the greatest common factor of 5175 and 262236225.
1725
Calculate the highest common divisor of 2064 and 117888.
48
Calculate the greatest common divisor of 896 and 369325152.
224
Calculate the greatest common factor of 824170 and 2090.
10
What is the greatest common divisor of 9222927 and 147?
147
Calculate the highest common factor of 298635 and 17286.
129
What is the highest common factor of 13660740 and 125280?
5220
Calculate the highest common factor of 10379393 and 626.
313
What is the greatest common factor of 2046 and 1923054?
186
Calculate the greatest common factor of 7419 and 277695643.
2473
What is the highest common divisor of 383256008 and 2984?
2984
What is the greatest common divisor of 559 and 67148671?
43
What is the highest common divisor of 6200575 and 326035?
985
What is the greatest common factor of 346 and 76446451?
173
Calculate the highest common divisor of 83592 and 2876700.
516
What is the highest common divisor of 729240 and 260780?
1180
What is the highest common factor of 761236 and 670028?
3508
What is the greatest common divisor of 1932073040 and 80?
80
What is the highest common divisor of 19923 and 103269?
87
Calculate the greatest common divisor of 162 and 681831.
27
Calculate the highest common divisor of 504009 and 4959.
9
Calculate the highest common factor of 232961478 and 8814.
678
What is the highest common divisor of 1595 and 18078310?
145
Calculate the greatest common factor of 416 and 22027707.
13
What is the greatest common factor of 216 and 1130744880?
216
What is the greatest common factor of 111034368 and 162?
54
Calculate the greatest common divisor of 695232 and 4032.
576
Calculate the highest common divisor of 18743432 and 568.
568
What is the greatest common factor of 102701745 and 207?
9
Calculate the greatest common factor of 901537 and 4550.
91
Calculate the greatest common divisor of 8378 and 1053427.
71
What is the greatest common divisor of 841734 and 46300?
926
Calculate the highest common factor of 45756 and 7953918.
7626
Calculate the highest common factor of 2035 and 200614.
37
Calculate the highest common divisor of 1691707 and 4443467.
3127
What is the greatest common factor of 50 and 107721875?
25
What is the highest common factor of 79205 and 1062880?
2555
What is the greatest common divisor of 199153557 and 18?
9
Calculate the greatest common factor of 75828 and 391068.
852
What is the greatest common divisor of 285440346 and 37086?
5298
Calculate the highest common divisor of 1127 and 199507980.
161
Calculate the greatest common divisor of 12 and 964276.
4
What is the greatest common divisor of 19976 and 9384407?
227
What is the highest common factor of 137932 and 6108?
4
Calculate the greatest common factor of 1067 and 632155887.
1067
Calculate the highest common divisor of 2052 and 107901.
171
What is the greatest common divisor of 12176 and 12800?
16
What is the highest common factor of 1761121 and 2?
1
What is the highest common factor of 19935 and 137330?
2215
Calculate the highest common divisor of 588 and 8264389.
49
Calculate the greatest common factor of 190 and 326705.
95
Calculate the highest common factor of 619717735 and 70.
35
What is the greatest common factor of 98042 and 497777?
329
Calculate the greatest common factor of 1608 and 1101882.
402
Calculate the greatest common factor of 251348279 and 11284.
2821
What is the highest common factor of 5118 and 15876889?
853
What is the greatest common divisor of 10516971 and 22209?
2019
What is the highest common divisor of 14004 and 662517?
9
What is the greatest common factor of 51 and 1587674336?
17
What is the highest common divisor of 73700 and 41518895?
3685
What is the greatest common divisor of 194646 and 7158?
6
Calculate the highest